{"id":132,"date":"2025-10-06T16:25:50","date_gmt":"2025-10-06T16:25:50","guid":{"rendered":"https:\/\/kosmetologkatowice.pl\/?page_id=132"},"modified":"2025-12-30T12:29:11","modified_gmt":"2025-12-30T12:29:11","slug":"regulamin-gabinetu","status":"publish","type":"page","link":"https:\/\/kosmetologkatowice.pl\/index.php\/regulamin-gabinetu\/","title":{"rendered":"Regulamin gabinetu"},"content":{"rendered":"\n<h2 class=\"wp-block-heading\"><\/h2>\n\n\n\n<p>Niniejszy Regulamin stanowi Og\u00f3lne Warunki us\u0142ug \u015bwiadczonych<br>w Skin Concept Aleksandra Nowicka.<\/p>\n\n\n\n<p>Decyduj\u0105c si\u0119 na zabieg Klient akceptuje poni\u017cszy Regulamin.<\/p>\n\n\n\n<p class=\"has-text-align-left\">Zabiegi wykonywane s\u0105 po uprzednim zarezerwowaniu wizyty w godzinach pracy Gabinetu.<br>Salon zastrzega sobie prawo do zmiany czasu pracy Gabinetu. Zmiana ta mo\u017ce oznacza\u0107 czasowe zamkni\u0119cie Salonu, a tak\u017ce skr\u00f3cenie lub wyd\u0142u\u017cenie godzin jego otwarcia.<br>Warunkiem wykonania pe\u0142nej us\u0142ugi jest punktualne przyj\u015bcie na wizyt\u0119 (ewentualne sp\u00f3\u017anienia bez ich telefonicznego zg\u0142oszenia, akceptowane s\u0105 tylko do 15 minut po um\u00f3wionym terminie). Ka\u017cdy przypadek rozpatrywany jest indywidualnie, st\u0105d istnieje mo\u017cliwo\u015b\u0107 odst\u0105pienia od tej regu\u0142y. <br>W niekt\u00f3rych przypadkach sp\u00f3\u017anienia, pe\u0142ne wykonanie us\u0142ugi nie jest mo\u017cliwe i zale\u017cy od grafiku <br>i dost\u0119pno\u015bci czasowej pracownika.<br>W przypadku nag\u0142ych sytuacji, niezale\u017cnych od Skin Concept Aleksandra Nowicka, istnieje mo\u017cliwo\u015b\u0107 odwo\u0142ania lub zmiany terminu w mo\u017cliwie najszybszym czasie od zaistnia\u0142ej sytuacji. <br>W pozosta\u0142ych przypadkach Klient jest informowany o zmianie terminu zabiegu minimum <br>24 godziny przed wyznaczonym terminem.&nbsp;<br>W przypadku nag\u0142ych i niezale\u017cnych od Klienta sytuacji losowych, Klient jest zobowi\u0105zany poinformowa\u0107 Gabinet o zmianie terminu zabiegu najp\u00f3\u017aniej 24 godziny przed wyznaczonym terminem.&nbsp;<br>Zarezerwowanie us\u0142ugi w Skin Concept Aleksandra Nowicka jest r\u00f3wnoznaczne ze z\u0142o\u017ceniem przez Klienta o\u015bwiadczenia, i\u017c nie posiada On \u017cadnych przeciwwskaza\u0144 zdrowotnych do korzystania <br>z us\u0142ug oferowanych przez Gabinet oraz \u017ce zapozna\u0142 si\u0119 z niniejszym regulaminem i akceptuje jego warunki.&nbsp;<br>Udost\u0119pnienie danych osobowych przez Klient\u00f3w Skin Concept Aleksandra Nowicka jest r\u00f3wnoznaczne ze zgod\u0105 na przetwarzanie danych zgodnie z ustaw\u0105 z dnia 10.05.2018 r. o ochronie danych osobowych (Dz. U. 2019 r., poz. 1781). Gabinet nie udost\u0119pnia tych danych innym instytucjom, firmom i osobom.<\/p>\n\n\n\n<p><br>Ceny zawarte na stronie internetowej oraz booksy nie s\u0105 ofert\u0105 handlow\u0105 i mog\u0105 ulec zmianie, dodatkowo zakres pracy i zu\u017cytych kosmetyk\u00f3w zale\u017cy od indywidualnych potrzeb i stanu sk\u00f3ry Klienta. Promocje i rabaty nie \u0142\u0105cz\u0105 si\u0119.<br>Klient ma mo\u017cliwo\u015b\u0107 um\u00f3wienia wizyty w terminie \u201eVIP\u201d \u2013 poza standardowymi godzinami pracy Salonu.<br>Wybranie us\u0142ugi \u201eVIP\u201d zobowi\u0105zuje Klienta do dop\u0142aty 40% ceny do podstawowej kwoty zabiegu.<br>Klient ma mo\u017cliwo\u015b\u0107 skorzystania z us\u0142ug z dojazdem do Klienta na terenie \u015al\u0105ska. Klient jest zobowi\u0105zany do poinformowania o ch\u0119ci skorzystania z takich us\u0142ug z wyprzedzeniem w chwili rezerwacji &#8211; taka wizyta powinna by\u0107 um\u00f3wiona telefonicznie, sms-owo, mailowo lub za pomoc\u0105 podanych na stronie portali social media, natomiast nie za pomoc\u0105 booksy. Cena us\u0142ugi z dojazdem <br>do Klienta ustalana jest indywidualnie.<br>Bony podarunkowe Klient mo\u017ce wykorzysta\u0107 zgodnie z warto\u015bci\u0105 bonu i aktualnie obowi\u0105zuj\u0105cym cennikiem na zabieg z oferty Gabinetu lub na kosmetyki sprzedawane w Gabinecie. Bony podarunkowe nie \u0142\u0105cz\u0105 si\u0119 z promocjami. W przypadku utraty lub zniszczenia bonu w spos\u00f3b uniemo\u017cliwiaj\u0105cy jego identyfikacj\u0119, Gabinet nie ponosi za to odpowiedzialno\u015bci. Bon podarunkowy mo\u017ce by\u0107 wykorzystany wy\u0142\u0105cznie przez osob\u0119, na kt\u00f3r\u0105 zosta\u0142 wypisany. Termin wa\u017cno\u015bci bonu podarunkowego to 6 miesi\u0119cy od daty zakupu, po up\u0142ywie tego czasu traci on wa\u017cno\u015b\u0107 w ca\u0142o\u015bci <br>lub cz\u0119\u015bci. Bon mo\u017ce by\u0107 wykorzystany podczas jednej lub kilku wizyt, z uwzgl\u0119dnieniem kwoty, <br>na kt\u00f3r\u0105 zosta\u0142 wykupiony. Osoba obdarowana bonem podarunkowym zobowi\u0105zana jest <br>do rezerwacji wizyty w celu wykorzystania bonu. Bon nie jest wymieniany na got\u00f3wk\u0119.&nbsp;<br>Wszelkie produkty zakupione w Skin Concept Aleksandra Nowicka (tj. kosmetyki, bony) nie podlegaj\u0105 zwrotowi. Wyj\u0105tek stanowi wada fabryczna produktu &#8211; tak\u0105 sytuacj\u0119 nale\u017cy zg\u0142osi\u0107 Gabinetowi do 7 dni od zakupu, Gabinet podejmuje wtedy pr\u00f3b\u0119 reklamacji produktu u dystrybutora i dalej taka sytuacja jest rozpatrywana indywidualnie.<\/p>\n\n\n\n<p class=\"has-text-align-left\"><br>Klient umawiaj\u0105c si\u0119 na zabieg zobowi\u0105zany jest do podania swojego prawdziwego imienia, nazwiska oraz aktualnego numeru telefonu. W przypadku gdy to\u017csamo\u015b\u0107 lub wiek Klienta b\u0119dzie podlega\u0142 w\u0105tpliwo\u015bci, obs\u0142uga Gabinetu jest upowa\u017cniona do poproszenia o okazanie dokumentu to\u017csamo\u015bci <br>ze zdj\u0119ciem.&nbsp;<br>Osoby niepe\u0142noletnie do 18 lat mog\u0105 korzysta\u0107 z oferty Gabinetu wy\u0142\u0105cznie za wiedz\u0105 i zgod\u0105 rodzic\u00f3w lub prawnych opiekun\u00f3w, kt\u00f3rzy bior\u0105 za nie pe\u0142n\u0105 odpowiedzialno\u015b\u0107.<br>Ewentualne skargi, wnioski i za\u017calenia nale\u017cy kierowa\u0107 do w\u0142a\u015bcicielki Aleksandry Nowickiej osobi\u015bcie, telefonicznie pod numerem 501147612 lub mailowo na adres: nowickakosmetolog@gmail.com. Ewentualne zastrze\u017cenia z\u0142o\u017cone innym osobom lub w inny spos\u00f3b mog\u0105 nie zosta\u0107 rozpatrzone. Reklamacje mog\u0105 zosta\u0107 zg\u0142oszone przez Klienta nie p\u00f3\u017aniej ni\u017c 3 dni od dnia wykonania zabiegu. Klienci zobowi\u0105zani s\u0105 tak\u017ce do poinformowania pracownika Gabinetu o ewentualnym pogorszeniu swojego samopoczucia w trakcie wykonywania zabieg\u00f3w.<br>Na terenie Gabinetu obowi\u0105zuje ca\u0142kowity zakaz: palenia papieros\u00f3w, spo\u017cywania alkoholu, za\u017cywania \u015brodk\u00f3w odurzaj\u0105cych.&nbsp;<br>Gabinet zastrzega sobie prawo do odmowy wykonania us\u0142ug osobom nietrze\u017awym, pod wp\u0142ywem narkotyk\u00f3w i innych \u015brodk\u00f3w odurzaj\u0105cych, a tak\u017ce osobom zachowuj\u0105cym si\u0119 agresywnie, obra\u017aliwie lub w spos\u00f3b zagra\u017caj\u0105cy bezpiecze\u0144stwu personelu lub innych Klient\u00f3w. Dodatkowo Gabinet ma prawo odm\u00f3wi\u0107 wykonania us\u0142ugi lub przyj\u0119cia rezerwacji, je\u015bli Klient nie stawia si\u0119 <br>na wizyty, nie stosuje si\u0119 do zasad rezerwacji i odwo\u0142a\u0144 i nie przestrzega regulaminu Gabinetu.<br>Przed przyst\u0105pieniem do \u015bwiadczonej us\u0142ugi Klient musi poinformowa\u0107 pracownika o wszelkich przeciwwskazaniach zdrowotnych oraz <br>o swoim stanie zdrowia (Klienci s\u0105 w szczeg\u00f3lno\u015bci zobowi\u0105zani do poinformowania o chorobach uk\u0142adu krwiono\u015bnego, limfatycznego, neurologicznego, chorobach sk\u00f3ry, psychicznych, nowotworowych, aktywnych infekcjach oraz o rozruszniku serca, kardiowerterach, stanach zapalanych w fazie ostrej, przebytej \u017c\u00f3\u0142taczce, zara\u017ceniu wirusem HIV i innymi wirusami, ci\u0105\u017cy <br>lub okresie po\u0142ogowym itd). Zatajanie chor\u00f3b, schorze\u0144 lub odmiennych stan\u00f3w skutkuje wzi\u0119ciem przez Klienta na siebie odpowiedzialno\u015bci za zdrowie. W przypadku zatajenia wspomnianych wcze\u015bniej informacji pracownicy Gabinetu s\u0105 zwolnieni z odpowiedzialno\u015bci za ewentualne konsekwencje. Klienci zobowi\u0105zani s\u0105 tak\u017ce do poinformowania pracownika Gabinetu <br>o ewentualnym pogorszeniu swojego samopoczucia w trakcie wykonywania zabieg\u00f3w.<br>Osoba wykonuj\u0105ca zabieg zastrzega sobie prawo do przerwania zabiegu w przypadku pogorszenia samopoczucia Klienta b\u0105d\u017a zauwa\u017cenia u Niego niepokoj\u0105cych objaw\u00f3w chor\u00f3b sk\u00f3rnych, innych chor\u00f3b, b\u0105d\u017a innych niepokoj\u0105cych objaw\u00f3w.<br>Wszystkie osoby korzystaj\u0105ce z us\u0142ug Gabinetu s\u0105 zobowi\u0105zane do przestrzegania zasad niniejszego regulaminu, stosowania si\u0119 do sugestii personelu, a tak\u017ce zobowi\u0105zane s\u0105 do zakazu filmowania <br>w trakcie wykonywania us\u0142ug w Skin Concept Aleksandra Nowicka. Klient korzystaj\u0105c z us\u0142ug Gabinetu jednocze\u015bnie oznajmia, \u017ce zapozna\u0142 si\u0119 z niniejszym regulaminem. Za naruszenie postanowie\u0144 niniejszego regulaminu uwa\u017ca si\u0119 r\u00f3wnie\u017c dzia\u0142ania lub zaniechania zmierzaj\u0105ce <br>do jego obej\u015bcia.<br>Skin Concept Aleksandra Nowicka zastrzega sobie prawo do zmiany niniejszego regulaminu.<\/p>\n","protected":false},"excerpt":{"rendered":"<p>Niniejszy Regulamin stanowi Og\u00f3lne Warunki us\u0142ug \u015bwiadczonychw Skin Concept Aleksandra Nowicka. Decyduj\u0105c si\u0119 na zabieg Klient akceptuje poni\u017cszy Regulamin. Zabiegi wykonywane s\u0105 po uprzednim zarezerwowaniu wizyty w godzinach pracy Gabinetu.Salon zastrzega sobie prawo do zmiany czasu pracy Gabinetu. Zmiana ta mo\u017ce oznacza\u0107 czasowe zamkni\u0119cie Salonu, a tak\u017ce skr\u00f3cenie lub wyd\u0142u\u017cenie godzin jego otwarcia.Warunkiem wykonania pe\u0142nej us\u0142ugi jest punktualne przyj\u015bcie na wizyt\u0119 (ewentualne sp\u00f3\u017anienia bez ich telefonicznego zg\u0142oszenia, akceptowane s\u0105 tylko do 15 minut po um\u00f3wionym terminie). Ka\u017cdy przypadek rozpatrywany jest indywidualnie, st\u0105d istnieje mo\u017cliwo\u015b\u0107 odst\u0105pienia od tej regu\u0142y. W niekt\u00f3rych przypadkach sp\u00f3\u017anienia, pe\u0142ne wykonanie us\u0142ugi nie jest mo\u017cliwe i zale\u017cy od grafiku i dost\u0119pno\u015bci czasowej pracownika.W przypadku nag\u0142ych sytuacji, niezale\u017cnych od Skin Concept Aleksandra Nowicka, istnieje mo\u017cliwo\u015b\u0107 odwo\u0142ania lub zmiany terminu w mo\u017cliwie najszybszym czasie od zaistnia\u0142ej sytuacji. W pozosta\u0142ych przypadkach Klient jest informowany o zmianie terminu zabiegu minimum 24 godziny przed wyznaczonym terminem.&nbsp;W przypadku nag\u0142ych i niezale\u017cnych od Klienta sytuacji losowych, Klient jest zobowi\u0105zany poinformowa\u0107 Gabinet o zmianie terminu zabiegu najp\u00f3\u017aniej 24 godziny przed wyznaczonym terminem.&nbsp;Zarezerwowanie us\u0142ugi w Skin Concept Aleksandra Nowicka jest r\u00f3wnoznaczne ze z\u0142o\u017ceniem przez Klienta o\u015bwiadczenia, i\u017c nie posiada On \u017cadnych przeciwwskaza\u0144 zdrowotnych do korzystania z us\u0142ug oferowanych przez Gabinet oraz \u017ce zapozna\u0142 si\u0119 z niniejszym regulaminem i akceptuje jego warunki.&nbsp;Udost\u0119pnienie danych osobowych przez Klient\u00f3w Skin Concept Aleksandra Nowicka jest r\u00f3wnoznaczne ze zgod\u0105 na przetwarzanie danych zgodnie z ustaw\u0105 z dnia 10.05.2018 r. o ochronie danych osobowych (Dz. U. 2019 r., poz. 1781). Gabinet nie udost\u0119pnia tych danych innym instytucjom, firmom i osobom. Ceny zawarte na stronie internetowej oraz booksy nie s\u0105 ofert\u0105 handlow\u0105 i mog\u0105 ulec zmianie, dodatkowo zakres pracy i zu\u017cytych kosmetyk\u00f3w zale\u017cy od indywidualnych potrzeb i stanu sk\u00f3ry Klienta. Promocje i rabaty nie \u0142\u0105cz\u0105 si\u0119.Klient ma mo\u017cliwo\u015b\u0107 um\u00f3wienia wizyty w terminie \u201eVIP\u201d \u2013 poza standardowymi godzinami pracy Salonu.Wybranie us\u0142ugi \u201eVIP\u201d zobowi\u0105zuje Klienta do dop\u0142aty 40% ceny do podstawowej kwoty zabiegu.Klient ma mo\u017cliwo\u015b\u0107 skorzystania z us\u0142ug z dojazdem do Klienta na terenie \u015al\u0105ska. Klient jest zobowi\u0105zany do poinformowania o ch\u0119ci skorzystania z takich us\u0142ug z wyprzedzeniem w chwili rezerwacji &#8211; taka wizyta powinna by\u0107 um\u00f3wiona telefonicznie, sms-owo, mailowo lub za pomoc\u0105 podanych na stronie portali social media, natomiast nie za pomoc\u0105 booksy. Cena us\u0142ugi z dojazdem do Klienta ustalana jest indywidualnie.Bony podarunkowe Klient mo\u017ce wykorzysta\u0107 zgodnie z warto\u015bci\u0105 bonu i aktualnie obowi\u0105zuj\u0105cym cennikiem na zabieg z oferty Gabinetu lub na kosmetyki sprzedawane w Gabinecie. Bony podarunkowe nie \u0142\u0105cz\u0105 si\u0119 z promocjami. W przypadku utraty lub zniszczenia bonu w spos\u00f3b uniemo\u017cliwiaj\u0105cy jego identyfikacj\u0119, Gabinet nie ponosi za to odpowiedzialno\u015bci. Bon podarunkowy mo\u017ce by\u0107 wykorzystany wy\u0142\u0105cznie przez osob\u0119, na kt\u00f3r\u0105 zosta\u0142 wypisany. Termin wa\u017cno\u015bci bonu podarunkowego to 6 miesi\u0119cy od daty zakupu, po up\u0142ywie tego czasu traci on wa\u017cno\u015b\u0107 w ca\u0142o\u015bci lub cz\u0119\u015bci. Bon mo\u017ce by\u0107 wykorzystany podczas jednej lub kilku wizyt, z uwzgl\u0119dnieniem kwoty, na kt\u00f3r\u0105 zosta\u0142 wykupiony. Osoba obdarowana bonem podarunkowym zobowi\u0105zana jest do rezerwacji wizyty w celu wykorzystania bonu. Bon nie jest wymieniany na got\u00f3wk\u0119.&nbsp;Wszelkie produkty zakupione w Skin Concept Aleksandra Nowicka (tj. kosmetyki, bony) nie podlegaj\u0105 zwrotowi. Wyj\u0105tek stanowi wada fabryczna produktu &#8211; tak\u0105 sytuacj\u0119 nale\u017cy zg\u0142osi\u0107 Gabinetowi do 7 dni od zakupu, Gabinet podejmuje wtedy pr\u00f3b\u0119 reklamacji produktu u dystrybutora i dalej taka sytuacja jest rozpatrywana indywidualnie. Klient umawiaj\u0105c si\u0119 na zabieg zobowi\u0105zany jest do podania swojego prawdziwego imienia, nazwiska oraz aktualnego numeru telefonu. W przypadku gdy to\u017csamo\u015b\u0107 lub wiek Klienta b\u0119dzie podlega\u0142 w\u0105tpliwo\u015bci, obs\u0142uga Gabinetu jest upowa\u017cniona do poproszenia o okazanie dokumentu to\u017csamo\u015bci ze zdj\u0119ciem.&nbsp;Osoby niepe\u0142noletnie do 18 lat mog\u0105 korzysta\u0107 z oferty Gabinetu wy\u0142\u0105cznie za wiedz\u0105 i zgod\u0105 rodzic\u00f3w lub prawnych opiekun\u00f3w, kt\u00f3rzy bior\u0105 za nie pe\u0142n\u0105 odpowiedzialno\u015b\u0107.Ewentualne skargi, wnioski i za\u017calenia nale\u017cy kierowa\u0107 do w\u0142a\u015bcicielki Aleksandry Nowickiej osobi\u015bcie, telefonicznie pod numerem 501147612 lub mailowo na adres: nowickakosmetolog@gmail.com. Ewentualne zastrze\u017cenia z\u0142o\u017cone innym osobom lub w inny spos\u00f3b mog\u0105 nie zosta\u0107 rozpatrzone. Reklamacje mog\u0105 zosta\u0107 zg\u0142oszone przez Klienta nie p\u00f3\u017aniej ni\u017c 3 dni od dnia wykonania zabiegu. Klienci zobowi\u0105zani s\u0105 tak\u017ce do poinformowania pracownika Gabinetu o ewentualnym pogorszeniu swojego samopoczucia w trakcie wykonywania zabieg\u00f3w.Na terenie Gabinetu obowi\u0105zuje ca\u0142kowity zakaz: palenia papieros\u00f3w, spo\u017cywania alkoholu, za\u017cywania \u015brodk\u00f3w odurzaj\u0105cych.&nbsp;Gabinet zastrzega sobie prawo do odmowy wykonania us\u0142ug osobom nietrze\u017awym, pod wp\u0142ywem narkotyk\u00f3w i innych \u015brodk\u00f3w odurzaj\u0105cych, a tak\u017ce osobom zachowuj\u0105cym si\u0119 agresywnie, obra\u017aliwie lub w spos\u00f3b zagra\u017caj\u0105cy bezpiecze\u0144stwu personelu lub innych Klient\u00f3w. Dodatkowo Gabinet ma prawo odm\u00f3wi\u0107 wykonania us\u0142ugi lub przyj\u0119cia rezerwacji, je\u015bli Klient nie stawia si\u0119 na wizyty, nie stosuje si\u0119 do zasad rezerwacji i odwo\u0142a\u0144 i nie przestrzega regulaminu Gabinetu.Przed przyst\u0105pieniem do \u015bwiadczonej us\u0142ugi Klient musi poinformowa\u0107 pracownika o wszelkich przeciwwskazaniach zdrowotnych oraz o swoim stanie zdrowia (Klienci s\u0105 w szczeg\u00f3lno\u015bci zobowi\u0105zani do poinformowania o chorobach uk\u0142adu krwiono\u015bnego, limfatycznego, neurologicznego, chorobach sk\u00f3ry, psychicznych, nowotworowych, aktywnych infekcjach oraz o rozruszniku serca, kardiowerterach, stanach zapalanych w fazie ostrej, przebytej \u017c\u00f3\u0142taczce, zara\u017ceniu wirusem HIV i innymi wirusami, ci\u0105\u017cy lub okresie po\u0142ogowym itd). Zatajanie chor\u00f3b, schorze\u0144 lub odmiennych stan\u00f3w skutkuje wzi\u0119ciem przez Klienta na siebie odpowiedzialno\u015bci za zdrowie. W przypadku zatajenia wspomnianych wcze\u015bniej informacji pracownicy Gabinetu s\u0105 zwolnieni z odpowiedzialno\u015bci za ewentualne konsekwencje. Klienci zobowi\u0105zani s\u0105 tak\u017ce do poinformowania pracownika Gabinetu o ewentualnym pogorszeniu swojego samopoczucia w trakcie wykonywania zabieg\u00f3w.Osoba wykonuj\u0105ca zabieg zastrzega sobie prawo do przerwania zabiegu w przypadku pogorszenia samopoczucia Klienta b\u0105d\u017a zauwa\u017cenia u Niego niepokoj\u0105cych objaw\u00f3w chor\u00f3b sk\u00f3rnych, innych chor\u00f3b, b\u0105d\u017a innych niepokoj\u0105cych objaw\u00f3w.Wszystkie osoby korzystaj\u0105ce z us\u0142ug Gabinetu s\u0105 zobowi\u0105zane do przestrzegania zasad niniejszego regulaminu, stosowania si\u0119 do sugestii personelu, a tak\u017ce zobowi\u0105zane s\u0105 do zakazu filmowania w trakcie wykonywania us\u0142ug w Skin Concept Aleksandra Nowicka. Klient korzystaj\u0105c z us\u0142ug Gabinetu jednocze\u015bnie oznajmia, \u017ce zapozna\u0142 si\u0119 z niniejszym regulaminem. Za naruszenie postanowie\u0144 niniejszego regulaminu uwa\u017ca si\u0119 r\u00f3wnie\u017c dzia\u0142ania lub zaniechania zmierzaj\u0105ce do jego obej\u015bcia.Skin Concept Aleksandra Nowicka zastrzega sobie prawo do zmiany niniejszego regulaminu.<\/p>\n","protected":false},"author":1,"featured_media":0,"parent":0,"menu_order":0,"comment_status":"closed","ping_status":"closed","template":"","meta":{"footnotes":""},"class_list":["post-132","page","type-page","status-publish","hentry"],"_links":{"self":[{"href":"https:\/\/kosmetologkatowice.pl\/index.php\/wp-json\/wp\/v2\/pages\/132","targetHints":{"allow":["GET"]}}],"collection":[{"href":"https:\/\/kosmetologkatowice.pl\/index.php\/wp-json\/wp\/v2\/pages"}],"about":[{"href":"https:\/\/kosmetologkatowice.pl\/index.php\/wp-json\/wp\/v2\/types\/page"}],"author":[{"embeddable":true,"href":"https:\/\/kosmetologkatowice.pl\/index.php\/wp-json\/wp\/v2\/users\/1"}],"replies":[{"embeddable":true,"href":"https:\/\/kosmetologkatowice.pl\/index.php\/wp-json\/wp\/v2\/comments?post=132"}],"version-history":[{"count":19,"href":"https:\/\/kosmetologkatowice.pl\/index.php\/wp-json\/wp\/v2\/pages\/132\/revisions"}],"predecessor-version":[{"id":299,"href":"https:\/\/kosmetologkatowice.pl\/index.php\/wp-json\/wp\/v2\/pages\/132\/revisions\/299"}],"wp:attachment":[{"href":"https:\/\/kosmetologkatowice.pl\/index.php\/wp-json\/wp\/v2\/media?parent=132"}],"curies":[{"name":"wp","href":"https:\/\/api.w.org\/{rel}","templated":true}]}}