{"id":40,"date":"2025-08-18T16:16:58","date_gmt":"2025-08-18T16:16:58","guid":{"rendered":"https:\/\/kosmetologkatowice.pl\/?page_id=40"},"modified":"2025-12-30T12:26:41","modified_gmt":"2025-12-30T12:26:41","slug":"o-mnie","status":"publish","type":"page","link":"https:\/\/kosmetologkatowice.pl\/index.php\/o-mnie\/","title":{"rendered":"O MNIE"},"content":{"rendered":"\n<p class=\"has-text-align-center\"><em>Wierz\u0119, \u017ce zdrowa sk\u00f3ra to efekt \u015bwiadomego sk\u00f3rodbania, kt\u00f3re si\u0119ga g\u0142\u0119biej ni\u017c tylko na powierzchni\u0119 sk\u00f3ry. To r\u00f3wnowaga cia\u0142a, ducha, sfery psyche i emocji, wsparta odpowiedni\u0105 piel\u0119gnacj\u0105 domow\u0105 i gabinetow\u0105.<\/em><\/p>\n\n\n\n<figure class=\"wp-block-image is-resized\"><img loading=\"lazy\" decoding=\"async\" width=\"819\" height=\"1024\" src=\"https:\/\/kosmetologkatowice.pl\/wp-content\/uploads\/2025\/11\/instories_3EBA3623-C400-469A-8330-C2B59B1FDC38-819x1024.png\" alt=\"kosmetolog katowice, gabinet kosmetyczny, beauty plan, tr\u0105dzik, zmarszczki, przebarwienia, zdrowa sk\u00f3ra, kosmetologia holistyczna\" class=\"wp-image-274\" style=\"width:290px;height:auto\" srcset=\"https:\/\/kosmetologkatowice.pl\/wp-content\/uploads\/2025\/11\/instories_3EBA3623-C400-469A-8330-C2B59B1FDC38-819x1024.png 819w, https:\/\/kosmetologkatowice.pl\/wp-content\/uploads\/2025\/11\/instories_3EBA3623-C400-469A-8330-C2B59B1FDC38-240x300.png 240w, https:\/\/kosmetologkatowice.pl\/wp-content\/uploads\/2025\/11\/instories_3EBA3623-C400-469A-8330-C2B59B1FDC38-768x960.png 768w, https:\/\/kosmetologkatowice.pl\/wp-content\/uploads\/2025\/11\/instories_3EBA3623-C400-469A-8330-C2B59B1FDC38.png 1080w\" sizes=\"auto, (max-width: 819px) 100vw, 819px\" \/><\/figure>\n\n\n\n<p><\/p>\n\n\n\n<hr class=\"wp-block-separator has-alpha-channel-opacity\"\/>\n\n\n\n<h3 class=\"wp-block-heading\">Moje do\u015bwiadczenie<\/h3>\n\n\n\n<p>Nazywam si\u0119 Aleksandra Nowicka i jestem <strong>magistrem kosmetologii, trychologiem i terapeutk\u0105 sk\u00f3ry<\/strong>. Od lat wspieram kobiety w budowaniu \u015bwiadomej relacji ze swoj\u0105 sk\u00f3r\u0105, a z bran\u017c\u0105 beauty jestem zwi\u0105zana 10 lat. Tu\u017c po uko\u0144czeniu studi\u00f3w licencjackich rozpocz\u0119\u0142am prac\u0119 w zawodzie, gdzie w praktyce do\u015bwiadcza\u0142am wszechstronno\u015bci pracy kosmetologa (stosuj\u0105c techniki manualne, ale te\u017c pracuj\u0105c na aparaturze Hi-Tech, czy wykonuj\u0105c manicure, pedicure, stylizacj\u0119 brwi) i szerokiej specyfiki poszczeg\u00f3lnych sk\u00f3r. Nauczy\u0142am si\u0119, \u017ce nie ma dw\u00f3ch jednakowych sk\u00f3r, a ka\u017cda wymaga indywidualnego podej\u015bcia. Zdoby\u0142am tytu\u0142 magistra kosmetologii, ko\u0144cz\u0105c studia z wyr\u00f3\u017cnieniem. W zesz\u0142ym roku zosta\u0142am r\u00f3wnie\u017c trychologiem. Stale poszerzam swoj\u0105 wiedz\u0119, uczestnicz\u0105c w kursach i szkoleniach (w zak\u0142adce <a href=\"https:\/\/kosmetologkatowice.pl\/index.php\/galeria\/\" data-type=\"page\" data-id=\"43\" target=\"_blank\" rel=\"noreferrer noopener\">Galeria<\/a> znajdziesz moje certyfikaty). Przez te wszystkie lata w mojej g\u0142owie kie\u0142kowa\u0142a nie\u015bmia\u0142a my\u015bl &#8211; <strong>chc\u0119 w ko\u0144cu pracowa\u0107 na swoich zasadach, realizuj\u0105c moj\u0105 wizj\u0119 kosmetologii.<\/strong> I tak w\u0142a\u015bnie w marcu 2024 roku stworzy\u0142am swoj\u0105 przestrze\u0144 sk\u00f3rodbania, do kt\u00f3rej Ci\u0119 zapraszam!<\/p>\n\n\n\n<p><\/p>\n\n\n\n<hr class=\"wp-block-separator has-alpha-channel-opacity\"\/>\n\n\n\n<h3 class=\"wp-block-heading\">Moja filozofia<\/h3>\n\n\n\n<p><strong>W mojej pracy \u0142\u0105cz\u0119 kosmetologi\u0119 i holistyczne podej\u015bcie do cz\u0142owieka \u2013 bo wiem, \u017ce sk\u00f3ra jest odzwierciedleniem tego, jak si\u0119 czujemy, jak \u017cyjemy i jak o siebie dbamy.<\/strong> Nie skupiam si\u0119 jedynie na objawach. Zach\u0119cam do szukania przyczyn. Kieruj\u0119 si\u0119 empati\u0105, delikatno\u015bci\u0105, profesjonalizmem i indywidualnym podej\u015bciem do Ka\u017cdej osoby, kt\u00f3ra powierza mi swoj\u0105 sk\u00f3r\u0119. Tworz\u0119 przestrze\u0144 \u015bwiadomego sk\u00f3rodbania, ale te\u017c spokoju, autentyczno\u015bci i uwa\u017cno\u015bci. Dzia\u0142am z intencj\u0105, maj\u0105c na uwadze dobro Twojej sk\u00f3ry. Do mnie nie umawiasz si\u0119 na konkretny zabieg, zabieg dobiera Ci profesjonalista, bior\u0105c pod uwag\u0119 stan Twojej sk\u00f3ry i Twoje oczekiwania. <\/p>\n\n\n\n<p><\/p>\n\n\n\n<hr class=\"wp-block-separator has-alpha-channel-opacity\"\/>\n\n\n\n<h3 class=\"wp-block-heading\"><\/h3>\n","protected":false},"excerpt":{"rendered":"<p>Wierz\u0119, \u017ce zdrowa sk\u00f3ra to efekt \u015bwiadomego sk\u00f3rodbania, kt\u00f3re si\u0119ga g\u0142\u0119biej ni\u017c tylko na powierzchni\u0119 sk\u00f3ry. To r\u00f3wnowaga cia\u0142a, ducha, sfery psyche i emocji, wsparta odpowiedni\u0105 piel\u0119gnacj\u0105 domow\u0105 i gabinetow\u0105. Moje do\u015bwiadczenie Nazywam si\u0119 Aleksandra Nowicka i jestem magistrem kosmetologii, trychologiem i terapeutk\u0105 sk\u00f3ry. Od lat wspieram kobiety w budowaniu \u015bwiadomej relacji ze swoj\u0105 sk\u00f3r\u0105, a z bran\u017c\u0105 beauty jestem zwi\u0105zana 10 lat. Tu\u017c po uko\u0144czeniu studi\u00f3w licencjackich rozpocz\u0119\u0142am prac\u0119 w zawodzie, gdzie w praktyce do\u015bwiadcza\u0142am wszechstronno\u015bci pracy kosmetologa (stosuj\u0105c techniki manualne, ale te\u017c pracuj\u0105c na aparaturze Hi-Tech, czy wykonuj\u0105c manicure, pedicure, stylizacj\u0119 brwi) i szerokiej specyfiki poszczeg\u00f3lnych sk\u00f3r. Nauczy\u0142am si\u0119, \u017ce nie ma dw\u00f3ch jednakowych sk\u00f3r, a ka\u017cda wymaga indywidualnego podej\u015bcia. Zdoby\u0142am tytu\u0142 magistra kosmetologii, ko\u0144cz\u0105c studia z wyr\u00f3\u017cnieniem. W zesz\u0142ym roku zosta\u0142am r\u00f3wnie\u017c trychologiem. Stale poszerzam swoj\u0105 wiedz\u0119, uczestnicz\u0105c w kursach i szkoleniach (w zak\u0142adce Galeria znajdziesz moje certyfikaty). Przez te wszystkie lata w mojej g\u0142owie kie\u0142kowa\u0142a nie\u015bmia\u0142a my\u015bl &#8211; chc\u0119 w ko\u0144cu pracowa\u0107 na swoich zasadach, realizuj\u0105c moj\u0105 wizj\u0119 kosmetologii. I tak w\u0142a\u015bnie w marcu 2024 roku stworzy\u0142am swoj\u0105 przestrze\u0144 sk\u00f3rodbania, do kt\u00f3rej Ci\u0119 zapraszam! Moja filozofia W mojej pracy \u0142\u0105cz\u0119 kosmetologi\u0119 i holistyczne podej\u015bcie do cz\u0142owieka \u2013 bo wiem, \u017ce sk\u00f3ra jest odzwierciedleniem tego, jak si\u0119 czujemy, jak \u017cyjemy i jak o siebie dbamy. Nie skupiam si\u0119 jedynie na objawach. Zach\u0119cam do szukania przyczyn. Kieruj\u0119 si\u0119 empati\u0105, delikatno\u015bci\u0105, profesjonalizmem i indywidualnym podej\u015bciem do Ka\u017cdej osoby, kt\u00f3ra powierza mi swoj\u0105 sk\u00f3r\u0119. Tworz\u0119 przestrze\u0144 \u015bwiadomego sk\u00f3rodbania, ale te\u017c spokoju, autentyczno\u015bci i uwa\u017cno\u015bci. Dzia\u0142am z intencj\u0105, maj\u0105c na uwadze dobro Twojej sk\u00f3ry. Do mnie nie umawiasz si\u0119 na konkretny zabieg, zabieg dobiera Ci profesjonalista, bior\u0105c pod uwag\u0119 stan Twojej sk\u00f3ry i Twoje oczekiwania.<\/p>\n","protected":false},"author":1,"featured_media":0,"parent":0,"menu_order":0,"comment_status":"closed","ping_status":"closed","template":"","meta":{"footnotes":""},"class_list":["post-40","page","type-page","status-publish","hentry"],"_links":{"self":[{"href":"https:\/\/kosmetologkatowice.pl\/index.php\/wp-json\/wp\/v2\/pages\/40","targetHints":{"allow":["GET"]}}],"collection":[{"href":"https:\/\/kosmetologkatowice.pl\/index.php\/wp-json\/wp\/v2\/pages"}],"about":[{"href":"https:\/\/kosmetologkatowice.pl\/index.php\/wp-json\/wp\/v2\/types\/page"}],"author":[{"embeddable":true,"href":"https:\/\/kosmetologkatowice.pl\/index.php\/wp-json\/wp\/v2\/users\/1"}],"replies":[{"embeddable":true,"href":"https:\/\/kosmetologkatowice.pl\/index.php\/wp-json\/wp\/v2\/comments?post=40"}],"version-history":[{"count":12,"href":"https:\/\/kosmetologkatowice.pl\/index.php\/wp-json\/wp\/v2\/pages\/40\/revisions"}],"predecessor-version":[{"id":298,"href":"https:\/\/kosmetologkatowice.pl\/index.php\/wp-json\/wp\/v2\/pages\/40\/revisions\/298"}],"wp:attachment":[{"href":"https:\/\/kosmetologkatowice.pl\/index.php\/wp-json\/wp\/v2\/media?parent=40"}],"curies":[{"name":"wp","href":"https:\/\/api.w.org\/{rel}","templated":true}]}}