{"id":44,"date":"2025-08-18T16:16:58","date_gmt":"2025-08-18T16:16:58","guid":{"rendered":"https:\/\/kosmetologkatowice.pl\/?page_id=44"},"modified":"2025-10-06T16:42:37","modified_gmt":"2025-10-06T16:42:37","slug":"kontakt","status":"publish","type":"page","link":"https:\/\/kosmetologkatowice.pl\/index.php\/kontakt\/","title":{"rendered":"KONTAKT"},"content":{"rendered":"\n<p class=\"has-text-align-left\"><strong>TELEFON<\/strong> 501 147 612<br><strong>E-MAIL<\/strong> nowickakosmetolog@gmail.com<br><strong>ADRES<\/strong> ul. Gospodarcza 56 Katowice<br>(Osiedle Nowy Nikiszowiec, gabinet mie\u015bci si\u0119 w Klinice YOU Beauty).<\/p>\n\n\n\n<iframe src=\"https:\/\/www.google.com\/maps\/embed?pb=!1m18!1m12!1m3!1d2551.405303985741!2d19.072232776704944!3d50.24701407155404!2m3!1f0!2f0!3f0!3m2!1i1024!2i768!4f13.1!3m3!1m2!1s0x4716cf1d068b2879%3A0xd2cfe5cf93dbb58a!2sSkin%20Concept%20Aleksandra%20Nowicka%20Kosmetolog!5e0!3m2!1spl!2spl!4v1759767651854!5m2!1spl!2spl\" width=\"600\" height=\"450\" style=\"border:0;\" allowfullscreen=\"\" loading=\"lazy\" referrerpolicy=\"no-referrer-when-downgrade\"><\/iframe>\n\n\n\n<p class=\"has-text-align-center\">Je\u015bli nie odbieram, to zapewne wykonuj\u0119 zabieg (albo \u015bpi\u0119).<br>Jak tylko b\u0119d\u0119 dost\u0119pna, skontaktuj\u0119 si\u0119 z Tob\u0105!<\/p>\n\n\n\n<figure class=\"wp-block-pullquote\"><blockquote><p>Mo\u017cesz skontaktowa\u0107 si\u0119 ze mn\u0105 r\u00f3wnie\u017c przez <a href=\"https:\/\/www.instagram.com\/skinconcept.aleksandranowicka\/\">INSTAGRAM<\/a> i <a href=\"https:\/\/www.facebook.com\/p\/Skin-Concept-Aleksandra-Nowicka-61559638045310\/\">FACEBOOK<\/a>, a zapisy przez <a href=\"https:\/\/booksy.com\/pl-pl\/236250_skin-concept-aleksandra-nowicka_salon-kosmetyczny_11597_katowice#ba_s=seo\">BOOKSY<\/a> s\u0105 dla Ciebie dost\u0119pne 24h na dob\u0119!<br><\/p><\/blockquote><\/figure>\n\n\n\n<p><\/p>\n\n\n\n<p><\/p>\n","protected":false},"excerpt":{"rendered":"<p>TELEFON 501 147 612E-MAIL nowickakosmetolog@gmail.comADRES ul. Gospodarcza 56 Katowice(Osiedle Nowy Nikiszowiec, gabinet mie\u015bci si\u0119 w Klinice YOU Beauty). Je\u015bli nie odbieram, to zapewne wykonuj\u0119 zabieg (albo \u015bpi\u0119).Jak tylko b\u0119d\u0119 dost\u0119pna, skontaktuj\u0119 si\u0119 z Tob\u0105! Mo\u017cesz skontaktowa\u0107 si\u0119 ze mn\u0105 r\u00f3wnie\u017c przez INSTAGRAM i FACEBOOK, a zapisy przez BOOKSY s\u0105 dla Ciebie dost\u0119pne 24h na dob\u0119!<\/p>\n","protected":false},"author":1,"featured_media":0,"parent":0,"menu_order":0,"comment_status":"closed","ping_status":"closed","template":"","meta":{"footnotes":""},"class_list":["post-44","page","type-page","status-publish","hentry"],"_links":{"self":[{"href":"https:\/\/kosmetologkatowice.pl\/index.php\/wp-json\/wp\/v2\/pages\/44","targetHints":{"allow":["GET"]}}],"collection":[{"href":"https:\/\/kosmetologkatowice.pl\/index.php\/wp-json\/wp\/v2\/pages"}],"about":[{"href":"https:\/\/kosmetologkatowice.pl\/index.php\/wp-json\/wp\/v2\/types\/page"}],"author":[{"embeddable":true,"href":"https:\/\/kosmetologkatowice.pl\/index.php\/wp-json\/wp\/v2\/users\/1"}],"replies":[{"embeddable":true,"href":"https:\/\/kosmetologkatowice.pl\/index.php\/wp-json\/wp\/v2\/comments?post=44"}],"version-history":[{"count":22,"href":"https:\/\/kosmetologkatowice.pl\/index.php\/wp-json\/wp\/v2\/pages\/44\/revisions"}],"predecessor-version":[{"id":148,"href":"https:\/\/kosmetologkatowice.pl\/index.php\/wp-json\/wp\/v2\/pages\/44\/revisions\/148"}],"wp:attachment":[{"href":"https:\/\/kosmetologkatowice.pl\/index.php\/wp-json\/wp\/v2\/media?parent=44"}],"curies":[{"name":"wp","href":"https:\/\/api.w.org\/{rel}","templated":true}]}}